pose -6 + 2 = s, 0 = -5*p - 6*s + 29536. Calculate the remainder when p is divided by 7.
4
Suppose -4*r - 51 + 175 = 0. Let h = 127 + -123. Calculate the remainder when r is divided by ((-15)/(180/(-64)))/(h/6).
7
Let k = 1865 + -1282. Calculate the remainder when k is divided by 117.
115
Suppose t = 3*r + 12, 49*t - 48*t = 5*r + 16. Suppose t*i = 2890 - 256. What is the remainder when i is divided by 13?
10
Suppose 46*d + 209 = 669. Suppose -3*m = -2*m - 7. What is the remainder when d is divided by 0/(-1) + m + 1?
2
What is the remainder when 108 is divided by 5 + -9 + 1 + 64?
47
Suppose -3*d + 16*w - 12*w + 38 = 0, -6 = 4*d + 6*w. What is the remainder when 83 is divided by d?
5
Let f(n) = -1 + 11*n**3 + n + 9*n**3 + 1 - 19*n**3. What is the remainder when f(2) is divided by (-3)/((-3)/(-4))*-1?
2
Let j = 117 - 113. Suppose 3*p = j*y - p - 56, 0 = -3*y + 4*p + 37. What is the remainder when 51 is divided by y?
13
Suppose -5*j + 262 = -3*j + 2*v, -2*j + 264 = 3*v. Calculate the remainder when j is divided by -1*(3/4*-23)/(2/8).
60
Let k(r) = -r**3 + 10*r**2 - 7*r + 18. Let m be k(8). Suppose 3597 = -m*t + 101*t. What is the remainder when t is divided by 11?
8
Let p = 8 + 10. Calculate the remainder when 860/20*(-1 - -2) + -2 is divided by p.
5
Let r(n) = -324*n + 10727. Calculate the remainder when 1133 is divided by r(33).
13
Let q = 64 + -58. Let w be ((-170)/(-3))/(q/9). Let c = w - 80. Calculate the remainder when 16 is divided by c.
1
Let p be (-56)/6 - (-2)/6. Let u(y) = y**2 - 5*y - 7. Let b be u(-3). Let r = b + p. What is the remainder when 39 is divided by r?
7
Let p(s) = -2*s - 12. Let a be p(-10). Let x(j) = 12 - 15*j + 2*j**2 + 3 - 16. Calculate the remainder when 10 is divided by x(a).
3
Suppose -15*d + 3725 = -14*d - 63. Calculate the remainder when d is divided by 13.
5
Let z(n) = 38*n + 1074. Calculate the remainder when -3 + (6/3 - -178) is divided by z(-28).
7
What is the remainder when 32/(29/(4785/30)) is divided by 13?
7
Let t = -161 - -269. Let g(u) = -u**2 + 7*u + 17. Let i be g(9). What is the remainder when t is divided by 3/1*i + 14?
9
Let l = -2479 - -2531. Calculate the remainder when 240 is divided by l.
32
Let z be (0 + 37)*(-17 - -18). Suppose -z = -6*i + 137. Calculate the remainder when i is divided by 6.
5
Let f(t) = -57*t + 14. Let a = -62 + 70. Let u = 7 + a. Calculate the remainder when f(-1) is divided by u.
11
Suppose -3997 + 14628 + 21267 = 41*c. What is the remainder when c is divided by 65?
63
Suppose 0 = -2419*q + 2438*q - 675 - 256. What is the remainder when 283 is divided by q?
38
Let n(h) = 11*h + 9*h + h**2 + 6 + 10. Let b(c) = -147*c - 755. Let y be b(-5). What is the remainder when 189 is divided by n(y)?
13
Let u(l) = 3*l**2 - 557*l + 16604. What is the remainder when u(37) is divided by 32/(-2)*-2*1?
6
Let t = -198 - -202. Suppose 34 + 2 = t*o. Let k(a) = a + 9. What is the remainder when o is divided by k(-7)?
1
Let p = -7 - -9. Suppose p*x - 353 = -5. Suppose 5*v - x = 56. What is the remainder when 136 is divided by v?
44
Let k = 153 + 14. Let r = -107 - -39. What is the remainder when k is divided by -4*r/8*1?
31
Let g(h) = -13*h**3 + 5*h**2 + 9*h + 6. Let j(i) = -7*i**3 + 3*i**2 + 5*i + 3. Let y(f) = -2*g(f) + 5*j(f). What is the remainder when y(-2) is divided by 17?
13
Let h(t) = t**2 + 5*t. Suppose 16*s - 206 - 402 = 0. Suppose -s - 90 = -8*d. Calculate the remainder when d is divided by h(-6).
4
Suppose 0 = z - 3*l - 22, 0 = 3*z - 0*l - 4*l - 46. Let n be 204/z*90/27. Let h = 142 - n. Calculate the remainder when h is divided by 19.
17
Suppose 4*l + v = 7940, 3984 = 2*l + 16*v - 12*v. What is the remainder when ((-9)/(-6))/((-4)/(l/(-12))) is divided by 35?
27
Let g = -100 + 104. Suppose -34 = -g*o - 0*p - 2*p, 2*p = -o + 4. Suppose -i + o + 3 = 0. Calculate the remainder when 36 is divided by i.
10
Let f(r) = -2*r**2 - 9*r + 8. Let k = 23 - -1. Suppose k = -17*l + 20*l. Calculate the remainder when l is divided by f(-5).
2
Let i be 1/(-4) - 18/96*356. Let b = i + 80. Calculate the remainder when 51 is divided by b.
12
Suppose -86*p + 122 + 1254 = 0. Let y = 9 + -5. Calculate the remainder when (-82)/(-3) + y/6 is divided by p.
12
Suppose 3*f = 17 - 26. What is the remainder when f/(-5 + (-3441)/(-690)) is divided by 58?
56
Let l(f) = -4*f + 41. Let q = 68 + -82. What is the remainder when l(q) is divided by 50?
47
Suppose -3*v + 2*l - 4 = 0, 2*v + 3*l - 8 = 11. Calculate the remainder when 404 + -9 + 3 + v + -2 is divided by 50.
48
Let z(i) = i**2 - 68*i + 953. What is the remainder when 59 is divided by z(19)?
15
Let r(n) = 23*n + 1. Let x be r(1). Let d = 443 + x. Suppose d + 85 = 4*c. What is the remainder when c is divided by 35?
33
Suppose -45 = b - 44, -l + b = -6. What is the remainder when 1489 is divided by l?
4
Let b = -2406 - -3935. What is the remainder when b is divided by 18?
17
Suppose -7*v = -20*v + 1132 - 183. Suppose 44 = -0*q + 4*q. Calculate the remainder when v is divided by q.
7
What is the remainder when 192 is divided by 115565/2175 + (-5)/(225/6)?
33
Suppose 2*t = -2*h + 266, 0 = 3*t - 254*h + 249*h - 399. Calculate the remainder when 389 is divided by t.
123
Let r(c) = -11*c**3 - 15*c**2 - 34*c + 8. What is the remainder when r(-4) is divided by 48?
32
Suppose 226 + 236 = 3*n + 8*n. Calculate the remainder when 2771 is divided by n.
41
Let h(y) = 5*y + y - y**3 + 13*y**2 + 10 - 5 - 4*y. Suppose 21*r + 14*r = 595. Calculate the remainder when h(13) is divided by r.
14
Let g(s) = 3*s - 300. Let i be g(0). What is the remainder when 3/(-6)*(i + 2) is divided by 4*2/36 - 680/(-18)?
35
Let z = 424 - 379. Suppose -z*g + 2419 = 619. What is the remainder when 179 is divided by g?
19
Let w = 26141 + -26055. What is the remainder when 4471 is divided by w?
85
Suppose -1285 = -3*f - 2*l, 3*l + 227 = f - 194. Suppose -68 = -11*k + f. Calculate the remainder when 263 is divided by k.
38
Suppose 11*i + 6*i - 1698 + 474 = 0. Calculate the remainder when 282 is divided by i.
66
Let y(u) = -13*u - 45. Suppose 155*h - 151*h + 52 = 0. What is the remainder when y(h) is divided by 26?
20
Let h(z) = -20 - 7*z + 30*z**2 - 10 + 25. What is the remainder when h(4) is divided by 15?
12
Suppose -2*i - 3*z + 5723 = 0, -2*i - 229*z + 5747 = -234*z. Calculate the remainder when i is divided by 169.
162
Let f(w) = -5*w - 268. Let c be f(-53). What is the remainder when (-2 - -1) + c + (-18309)/(-51) is divided by 45?
40
Let l = 3642 + -3446. Calculate the remainder when l is divided by 126.
70
Let h be (-2)/14 + (-5268)/(-28). Suppose -15*i + 37 = -h. Calculate the remainder when 29 is divided by i.
14
Let u be (0 + 2)*(-20)/20. What is the remainder when 147 is divided by ((-15)/(-20))/(3/168) + u?
27
Suppose 3 = -2*h + 23. Let v = 92 + h. Calculate the remainder when v is divided by (-129)/(-1032) - 207/(-8).
24
Calculate the remainder when (8/(-12))/(18/(-4509)) is divided by 56.
55
Let o(x) = -4*x**2 + 1 + 9*x**2 - 6*x - 6. Let q = 1828 + -1782. Calculate the remainder when o(5) is divided by q.
44
Suppose 16*b + 2200 = 4696. What is the remainder when 4208 is divided by b?
152
Let q(x) = x + 6. Let h = -9348 + 9562. Calculate the remainder when h is divided by q(0).
4
Suppose -696*g - 180 = -705*g. What is the remainder when 97 is divided by g?
17
Suppose 2*n + 2*s = 52, 107*n + s = 108*n - 26. Calculate the remainder when 1506 is divided by n.
24
Let p be 5 - 3/((-2770)/694 - -4). Let z = p - -394. Calculate the remainder when z is divided by 11.
8
Let x = 66 - 64. What is the remainder when x is divided by 7*1/((-35)/(-30)*3)?
0
Let y = 170 + -165. Suppose -w + 136 = y*q, -2*q + 52 = -2*w + 3*w. What is the remainder when q is divided by 18?
10
What is the remainder when (-9)/(-21) - (3/(-5) - 82178/70) is divided by 237?
227
Let v(s) = s**2 + 5*s - 23. Suppose -3 + 3 = -9*i. Suppose 17*f - 16*f - 4 = i. Calculate the remainder when 76 is divided by v(f).
11
Suppose -5*o + 33 = -3*u, -7 = -3*o - 19*u + 24*u. Suppose -48 = -2*z + r - 2*r, 0 = -5*r. What is the remainder when z is divided by o?
6
Let c(r) = -4*r**2 + 46*r - 39. Let s be c(10). Suppose -s*f = -1016 - 832. Calculate the remainder when f is divided by 27.
7
Let j = 9948 + -9889. Calculate the remainder when 